{"id":346,"date":"2017-02-09T22:38:46","date_gmt":"2017-02-09T21:38:46","guid":{"rendered":"http:\/\/www.jean-louis-perrot.ch\/?page_id=346"},"modified":"2021-09-10T22:44:18","modified_gmt":"2021-09-10T21:44:18","slug":"videos","status":"publish","type":"page","link":"http:\/\/www.jean-louis-perrot.ch\/?page_id=346","title":{"rendered":"videos"},"content":{"rendered":"\n<div class=\"wp-block-image\"><figure class=\"aligncenter\"><a href=\"https:\/\/www.youtube.com\/channel\/UCR8nIwJBbliqvrjw4gb_YZA\"><img loading=\"lazy\" decoding=\"async\" width=\"157\" height=\"138\" src=\"http:\/\/www.jean-louis-perrot.ch\/wp-content\/uploads\/avatar-jean-louis-perrot.png\" alt=\"\" class=\"wp-image-1741\"\/><\/a><figcaption> Me retrouver sur youtube:<br> <a rel=\"noreferrer noopener\" href=\"https:\/\/www.youtube.com\/channel\/UCR8nIwJBbliqvrjw4gb_YZA\" target=\"_blank\">cliquez ici<\/a> <\/figcaption><\/figure><\/div>\n\n\n\n<p><strong> \u00ab&nbsp;C\u2019est l\u2019instant d\u2019\u00e9quilibre qui m\u2019int\u00e9resse, celui de la statue d\u00e9li\u00e9e, ou le calme serein d\u2019une masse qui s\u2019immobilise. On est clairement entre l\u2019ali\u00e9nation qui c\u00e8de et la force qui se r\u00e9g\u00e9n\u00e8re. La m\u00e9tastabilit\u00e9, le seuil du mouvement dans lequel les \u00eatres vont se saisir de leur destin. Mais justement, l\u2019airain qui fixait autrefois la posture id\u00e9ale pour les si\u00e8cles, c\u00e8de \u00e0 la vie, \u00e0 toutes les postures, \u00e0 quelque chose de latent.&nbsp;\u00bb <\/strong><\/p><br>\n\n\n\n<br>\n<p>Ma Z\u00e9nitude-2019<\/p>\n<iframe loading=\"lazy\" width=\"560\" height=\"315\" src=\"https:\/\/www.youtube.com\/embed\/eNuy0FkQL5g\" frameborder=\"0\" allow=\"accelerometer; autoplay; encrypted-media; gyroscope; picture-in-picture\" allowfullscreen=\"\"><\/iframe>\n\n<br>\n<p>Sur l&rsquo;interd\u00e9pendance des choses; 2018<\/p>\n<iframe loading=\"lazy\" width=\"560\" height=\"315\" src=\"https:\/\/www.youtube.com\/embed\/Lmm3K59dP7k\" frameborder=\"0\" allow=\"accelerometer; autoplay; encrypted-media; gyroscope; picture-in-picture\" allowfullscreen=\"\"><\/iframe>\n\n<br>\n<p>Sur l&rsquo;interd\u00e9pendance des choses 2018<\/p>\n<iframe loading=\"lazy\" width=\"560\" height=\"315\" src=\"https:\/\/www.youtube.com\/embed\/LSTZQUdk2sE\" frameborder=\"0\" allow=\"accelerometer; autoplay; encrypted-media; gyroscope; picture-in-picture\" allowfullscreen=\"\"><\/iframe>\n\n<br>\n<p>Sur l&rsquo;interd\u00e9pendance des choses 2018<\/p>\n<iframe loading=\"lazy\" width=\"560\" height=\"315\" src=\"https:\/\/www.youtube.com\/embed\/5ace3eiB2GI\" frameborder=\"0\" allow=\"accelerometer; autoplay; encrypted-media; gyroscope; picture-in-picture\" allowfullscreen=\"\"><\/iframe>\n\n<br>\n<p>Jean-Louis Perrot 2016<\/p>\n<iframe loading=\"lazy\" width=\"560\" height=\"315\" src=\"https:\/\/www.youtube.com\/embed\/cZ82LOdGzW8\" frameborder=\"0\" allow=\"accelerometer; autoplay; encrypted-media; gyroscope; picture-in-picture\" allowfullscreen=\"\"><\/iframe>\n\n<br>\n<p>Phantasma arundinodae aiolos<\/p>\n<iframe loading=\"lazy\" width=\"560\" height=\"315\" src=\"https:\/\/www.youtube.com\/embed\/AXQdWHCvjMs\" frameborder=\"0\" allow=\"accelerometer; autoplay; encrypted-media; gyroscope; picture-in-picture\" allowfullscreen=\"\"><\/iframe>\n\n<br>\n<p>Huit petites flagrances<\/p>\n<iframe loading=\"lazy\" width=\"560\" height=\"315\" src=\"https:\/\/www.youtube.com\/embed\/83F1LMIc0a4\" frameborder=\"0\" allow=\"accelerometer; autoplay; encrypted-media; gyroscope; picture-in-picture\" allowfullscreen=\"\"><\/iframe>\n\n<br>\n<p>Anniballerine<\/p>\n<iframe loading=\"lazy\" width=\"560\" height=\"315\" src=\"https:\/\/www.youtube.com\/embed\/b7pFiTZGgu0\" frameborder=\"0\" allow=\"accelerometer; autoplay; encrypted-media; gyroscope; picture-in-picture\" allowfullscreen=\"\"><\/iframe>\n\n<br>\n<p>Reach I<\/p>\n<iframe loading=\"lazy\" width=\"560\" height=\"315\" src=\"https:\/\/www.youtube.com\/embed\/rQ3WmFHc6QQ\" frameborder=\"0\" allow=\"accelerometer; autoplay; encrypted-media; gyroscope; picture-in-picture\" allowfullscreen=\"\"><\/iframe>\n\n<br>\n<p>Reach I<\/p>\n<iframe loading=\"lazy\" width=\"560\" height=\"315\" src=\"https:\/\/www.youtube.com\/embed\/QVAZrHtlUcU\" frameborder=\"0\" allow=\"accelerometer; autoplay; encrypted-media; gyroscope; picture-in-picture\" allowfullscreen=\"\"><\/iframe>\n\n<br>\n<p>Carr\u00e9 flottant<\/p>\n<iframe loading=\"lazy\" width=\"560\" height=\"315\" src=\"https:\/\/www.youtube.com\/embed\/gQXwszB6oHM\" frameborder=\"0\" allow=\"accelerometer; autoplay; encrypted-media; gyroscope; picture-in-picture\" allowfullscreen=\"\"><\/iframe>\n\n<br>\n<p>Alcotest et Monotype<\/p>\n<iframe loading=\"lazy\" width=\"560\" height=\"315\" src=\"https:\/\/www.youtube.com\/embed\/Mvt20FMh7_w\" frameborder=\"0\" allow=\"accelerometer; autoplay; encrypted-media; gyroscope; picture-in-picture\" allowfullscreen=\"\"><\/iframe>\n\n<br>\n<p>Jean Louis PERROT 23H26 PROD<\/p>\n<iframe loading=\"lazy\" src=\"https:\/\/www.youtube.com\/embed\/5pgxdsbrIBQ\" width=\"560\" height=\"315\" frameborder=\"0\" allowfullscreen=\"allowfullscreen\"><\/iframe>\n\n<br>\n<p>Jean-Louis Perrot-De l\u2019air 2019<\/p>\n<iframe loading=\"lazy\" src=\"https:\/\/www.youtube.com\/embed\/XQIap3N2oJo\" width=\"560\" height=\"315\" frameborder=\"0\" allowfullscreen=\"allowfullscreen\"><\/iframe>\n\n<br>\n<p>art gen\u00e8ve 2017 &#8211; galerie rosa turetsky &#8211; jean-louis perrot<\/p>\n<iframe loading=\"lazy\" src=\"https:\/\/www.youtube.com\/embed\/6xjiC7ExL0o\" width=\"560\" height=\"315\" frameborder=\"0\" allowfullscreen=\"allowfullscreen\"><\/iframe>\n\n<br>\n<p>Jean-Louis Perrot &#8211; Bains des P\u00e2quis Gen\u00e8ve 2017<\/p>\n<iframe loading=\"lazy\" src=\"https:\/\/www.youtube.com\/embed\/r4gZiYG1xgM\" width=\"560\" height=\"315\" frameborder=\"0\" allowfullscreen=\"allowfullscreen\"><\/iframe>\n\n<br>\n<p>Vernissage Dada au Caf\u00e9 du Gr\u00fctli le 1.12.2016<\/p>\n<iframe loading=\"lazy\" src=\"https:\/\/www.youtube.com\/embed\/05Kfb0XNES8\" width=\"560\" height=\"315\" frameborder=\"0\" allowfullscreen=\"allowfullscreen\"><\/iframe>\n\n<br>\n<p>Sculpture de Jean-Louis Perrot \u00e0 Yverdon<\/p>\n<iframe loading=\"lazy\" src=\"https:\/\/www.youtube.com\/embed\/TrXWysIS86k\" width=\"560\" height=\"315\" frameborder=\"0\" allowfullscreen=\"allowfullscreen\"><\/iframe>\n<br>\n<p>phantom4 sculpture de Jean-louis Perrot \u00e0 Gen\u00e8ve<\/p>\n<iframe loading=\"lazy\" src=\"https:\/\/www.youtube.com\/embed\/3gKQ53sGFiE\" width=\"560\" height=\"315\" frameborder=\"0\" allowfullscreen=\"allowfullscreen\"><\/iframe>\n<br>\n<p>&nbsp;<\/p>\n\n\n\n<p class=\"wp-block-paragraph\"><\/p>\n","protected":false},"excerpt":{"rendered":"<p>\u00ab&nbsp;C\u2019est l\u2019instant d\u2019\u00e9quilibre qui m\u2019int\u00e9resse, celui de la statue d\u00e9li\u00e9e, ou le calme serein d\u2019une masse qui s\u2019immobilise. On est clairement entre l\u2019ali\u00e9nation qui c\u00e8de et la force qui se r\u00e9g\u00e9n\u00e8re. La m\u00e9tastabilit\u00e9, le seuil du mouvement dans lequel les \u00eatres vont se saisir de leur destin. Mais justement, l\u2019airain qui fixait autrefois la posture [&hellip;]<\/p>\n","protected":false},"author":1,"featured_media":1517,"parent":0,"menu_order":0,"comment_status":"closed","ping_status":"open","template":"","meta":{"footnotes":""},"class_list":["post-346","page","type-page","status-publish","has-post-thumbnail","hentry"],"_links":{"self":[{"href":"http:\/\/www.jean-louis-perrot.ch\/index.php?rest_route=\/wp\/v2\/pages\/346","targetHints":{"allow":["GET"]}}],"collection":[{"href":"http:\/\/www.jean-louis-perrot.ch\/index.php?rest_route=\/wp\/v2\/pages"}],"about":[{"href":"http:\/\/www.jean-louis-perrot.ch\/index.php?rest_route=\/wp\/v2\/types\/page"}],"author":[{"embeddable":true,"href":"http:\/\/www.jean-louis-perrot.ch\/index.php?rest_route=\/wp\/v2\/users\/1"}],"replies":[{"embeddable":true,"href":"http:\/\/www.jean-louis-perrot.ch\/index.php?rest_route=%2Fwp%2Fv2%2Fcomments&post=346"}],"version-history":[{"count":71,"href":"http:\/\/www.jean-louis-perrot.ch\/index.php?rest_route=\/wp\/v2\/pages\/346\/revisions"}],"predecessor-version":[{"id":2299,"href":"http:\/\/www.jean-louis-perrot.ch\/index.php?rest_route=\/wp\/v2\/pages\/346\/revisions\/2299"}],"wp:featuredmedia":[{"embeddable":true,"href":"http:\/\/www.jean-louis-perrot.ch\/index.php?rest_route=\/wp\/v2\/media\/1517"}],"wp:attachment":[{"href":"http:\/\/www.jean-louis-perrot.ch\/index.php?rest_route=%2Fwp%2Fv2%2Fmedia&parent=346"}],"curies":[{"name":"wp","href":"https:\/\/api.w.org\/{rel}","templated":true}]}}

<div class="wp-block-image"><figure class="aligncenter"><a href="https://www.youtube.com/channel/UCR8nIwJBbliqvrjw4gb_YZA"><img loading="lazy" decoding="async" width="157" height="138" src="http://www.jean-louis-perrot.ch/wp-content/uploads/avatar-jean-louis-perrot.png" alt="" class="wp-image-1741"/></a><figcaption> Me retrouver sur youtube:<br> <a rel="noreferrer noopener" href="https://www.youtube.com/channel/UCR8nIwJBbliqvrjw4gb_YZA" target="_blank">cliquez ici</a> </figcaption></figure></div>



<p><strong> «&nbsp;C’est l’instant d’équilibre qui m’intéresse, celui de la statue déliée, ou le calme serein d’une masse qui s’immobilise. On est clairement entre l’aliénation qui cède et la force qui se régénère. La métastabilité, le seuil du mouvement dans lequel les êtres vont se saisir de leur destin. Mais justement, l’airain qui fixait autrefois la posture idéale pour les siècles, cède à la vie, à toutes les postures, à quelque chose de latent.&nbsp;» </strong></p><br>



<br>
<p>Ma Zénitude-2019</p>
<iframe loading="lazy" width="560" height="315" src="https://www.youtube.com/embed/eNuy0FkQL5g" frameborder="0" allow="accelerometer; autoplay; encrypted-media; gyroscope; picture-in-picture" allowfullscreen=""></iframe>

<br>
<p>Sur l&rsquo;interdépendance des choses; 2018</p>
<iframe loading="lazy" width="560" height="315" src="https://www.youtube.com/embed/Lmm3K59dP7k" frameborder="0" allow="accelerometer; autoplay; encrypted-media; gyroscope; picture-in-picture" allowfullscreen=""></iframe>

<br>
<p>Sur l&rsquo;interdépendance des choses 2018</p>
<iframe loading="lazy" width="560" height="315" src="https://www.youtube.com/embed/LSTZQUdk2sE" frameborder="0" allow="accelerometer; autoplay; encrypted-media; gyroscope; picture-in-picture" allowfullscreen=""></iframe>

<br>
<p>Sur l&rsquo;interdépendance des choses 2018</p>
<iframe loading="lazy" width="560" height="315" src="https://www.youtube.com/embed/5ace3eiB2GI" frameborder="0" allow="accelerometer; autoplay; encrypted-media; gyroscope; picture-in-picture" allowfullscreen=""></iframe>

<br>
<p>Jean-Louis Perrot 2016</p>
<iframe loading="lazy" width="560" height="315" src="https://www.youtube.com/embed/cZ82LOdGzW8" frameborder="0" allow="accelerometer; autoplay; encrypted-media; gyroscope; picture-in-picture" allowfullscreen=""></iframe>

<br>
<p>Phantasma arundinodae aiolos</p>
<iframe loading="lazy" width="560" height="315" src="https://www.youtube.com/embed/AXQdWHCvjMs" frameborder="0" allow="accelerometer; autoplay; encrypted-media; gyroscope; picture-in-picture" allowfullscreen=""></iframe>

<br>
<p>Huit petites flagrances</p>
<iframe loading="lazy" width="560" height="315" src="https://www.youtube.com/embed/83F1LMIc0a4" frameborder="0" allow="accelerometer; autoplay; encrypted-media; gyroscope; picture-in-picture" allowfullscreen=""></iframe>

<br>
<p>Anniballerine</p>
<iframe loading="lazy" width="560" height="315" src="https://www.youtube.com/embed/b7pFiTZGgu0" frameborder="0" allow="accelerometer; autoplay; encrypted-media; gyroscope; picture-in-picture" allowfullscreen=""></iframe>

<br>
<p>Reach I</p>
<iframe loading="lazy" width="560" height="315" src="https://www.youtube.com/embed/rQ3WmFHc6QQ" frameborder="0" allow="accelerometer; autoplay; encrypted-media; gyroscope; picture-in-picture" allowfullscreen=""></iframe>

<br>
<p>Reach I</p>
<iframe loading="lazy" width="560" height="315" src="https://www.youtube.com/embed/QVAZrHtlUcU" frameborder="0" allow="accelerometer; autoplay; encrypted-media; gyroscope; picture-in-picture" allowfullscreen=""></iframe>

<br>
<p>Carré flottant</p>
<iframe loading="lazy" width="560" height="315" src="https://www.youtube.com/embed/gQXwszB6oHM" frameborder="0" allow="accelerometer; autoplay; encrypted-media; gyroscope; picture-in-picture" allowfullscreen=""></iframe>

<br>
<p>Alcotest et Monotype</p>
<iframe loading="lazy" width="560" height="315" src="https://www.youtube.com/embed/Mvt20FMh7_w" frameborder="0" allow="accelerometer; autoplay; encrypted-media; gyroscope; picture-in-picture" allowfullscreen=""></iframe>

<br>
<p>Jean Louis PERROT 23H26 PROD</p>
<iframe loading="lazy" src="https://www.youtube.com/embed/5pgxdsbrIBQ" width="560" height="315" frameborder="0" allowfullscreen="allowfullscreen"></iframe>

<br>
<p>Jean-Louis Perrot-De l’air 2019</p>
<iframe loading="lazy" src="https://www.youtube.com/embed/XQIap3N2oJo" width="560" height="315" frameborder="0" allowfullscreen="allowfullscreen"></iframe>

<br>
<p>art genève 2017 &#8211; galerie rosa turetsky &#8211; jean-louis perrot</p>
<iframe loading="lazy" src="https://www.youtube.com/embed/6xjiC7ExL0o" width="560" height="315" frameborder="0" allowfullscreen="allowfullscreen"></iframe>

<br>
<p>Jean-Louis Perrot &#8211; Bains des Pâquis Genève 2017</p>
<iframe loading="lazy" src="https://www.youtube.com/embed/r4gZiYG1xgM" width="560" height="315" frameborder="0" allowfullscreen="allowfullscreen"></iframe>

<br>
<p>Vernissage Dada au Café du Grütli le 1.12.2016</p>
<iframe loading="lazy" src="https://www.youtube.com/embed/05Kfb0XNES8" width="560" height="315" frameborder="0" allowfullscreen="allowfullscreen"></iframe>

<br>
<p>Sculpture de Jean-Louis Perrot à Yverdon</p>
<iframe loading="lazy" src="https://www.youtube.com/embed/TrXWysIS86k" width="560" height="315" frameborder="0" allowfullscreen="allowfullscreen"></iframe>
<br>
<p>phantom4 sculpture de Jean-louis Perrot à Genève</p>
<iframe loading="lazy" src="https://www.youtube.com/embed/3gKQ53sGFiE" width="560" height="315" frameborder="0" allowfullscreen="allowfullscreen"></iframe>
<br>
<p>&nbsp;</p>



<p class="wp-block-paragraph"></p>

<p>«&nbsp;C’est l’instant d’équilibre qui m’intéresse, celui de la statue déliée, ou le calme serein d’une masse qui s’immobilise. On est clairement entre l’aliénation qui cède et la force qui se régénère. La métastabilité, le seuil du mouvement dans lequel les êtres vont se saisir de leur destin. Mais justement, l’airain qui fixait autrefois la posture [&hellip;]</p>
